a factor of 551?
False
Is 210 a multiple of 15?
True
Does 8 divide 15936?
True
Is 23 a factor of 138?
True
Does 33 divide 4639?
False
Is 11850 a multiple of 158?
True
Is 45281 a multiple of 165?
False
Is 7412 a multiple of 17?
True
Does 65 divide 14495?
True
Does 33 divide 6037?
False
Is 64 a factor of 2496?
True
Is 189 a multiple of 21?
True
Is 9889 a multiple of 11?
True
Does 27 divide 13392?
True
Does 12 divide 1584?
True
Is 14 a multiple of 2?
True
Is 6028 a multiple of 69?
False
Is 10235 a multiple of 23?
True
Does 34 divide 22848?
True
Does 163 divide 18256?
True
Is 136 a factor of 136?
True
Does 38 divide 304?
True
Does 11 divide 2849?
True
Is 12132 a multiple of 75?
False
Is 69 a factor of 2277?
True
Is 1654 a multiple of 23?
False
Is 14 a factor of 1106?
True
Does 79 divide 8169?
False
Is 87937 a multiple of 47?
True
Is 2516 a multiple of 34?
True
Does 6 divide 3089?
False
Does 9 divide 21995?
False
Does 35 divide 3996?
False
Is 1720 a multiple of 27?
False
Is 3 a factor of 1113?
True
Is 303 a factor of 48360?
False
Is 29 a factor of 549?
False
Is 6 a factor of 882?
True
Does 3 divide 291?
True
Is 39321 a multiple of 153?
True
Is 560 a multiple of 40?
True
Does 37 divide 14319?
True
Is 48520 a multiple of 40?
True
Is 1636 a multiple of 26?
False
Is 49712 a multiple of 43?
False
Is 20879 a multiple of 25?
False
Is 3072 a multiple of 15?
False
Does 7 divide 5089?
True
Does 70 divide 2262?
False
Is 217 a factor of 32984?
True
Is 3540 a multiple of 60?
True
Is 12 a factor of 288?
True
Is 2562 a multiple of 42?
True
Does 14 divide 3740?
False
Is 3 a factor of 702?
True
Is 78368 a multiple of 124?
True
Is 43 a factor of 559?
True
Is 40560 a multiple of 120?
True
Is 12 a factor of 487?
False
Is 34 a factor of 306?
True
Does 10 divide 1147?
False
Does 15 divide 3105?
True
Does 13 divide 4483?
False
Is 3280 a multiple of 80?
True
Is 240 a multiple of 15?
True
Is 8 a factor of 223?
False
Is 11 a factor of 5907?
True
Does 119 divide 101829?
False
Does 62 divide 13755?
False
Is 19 a factor of 44094?
False
Is 20 a factor of 9730?
False
Does 5 divide 1380?
True
Is 41 a factor of 943?
True
Is 25416 a multiple of 72?
True
Is 5 a factor of 43?
False
Is 726 a multiple of 33?
True
Is 224 a multiple of 28?
True
Is 8694 a multiple of 42?
True
Is 52063 a multiple of 100?
False
Is 11 a factor of 615?
False
Is 9052 a multiple of 31?
True
Is 142 a factor of 3550?
True
Does 70 divide 450?
False
Is 22 a factor of 5896?
True
Is 378 a multiple of 27?
True
Is 84 a multiple of 8?
False
Is 65 a factor of 3385?
False
Is 13 a factor of 1807?
True
Is 56 a factor of 37308?
False
Is 46 a factor of 2254?
True
Is 798 a multiple of 49?
False
Is 30 a factor of 39390?
True
Is 67 a factor of 2474?
False
Does 24 divide 1632?
True
Is 8 a factor of 3232?
True
Is 17 a factor of 8632?
False
Is 94437 a multiple of 21?
True
Is 730 a multiple of 97?
False
Is 1408 a multiple of 22?
True
Is 49 a factor of 1289?
False
Is 7 a factor of 1373?
False
Does 12 divide 696?
True
Is 44 a factor of 3964?
False
Is 53 a factor of 808?
False
Does 27 divide 5346?
True
Is 665 a multiple of 19?
True
Does 47 divide 839?
False
Is 77 a factor of 2210?
False
Is 9 a factor of 180?
True
Is 74 a factor of 12580?
True
Does 18 divide 31098?
False
Is 22 a factor of 4832?
False
Does 16 divide 176?
True
Does 16 divide 80?
True
Is 6 a factor of 410?
False
Does 97 divide 536?
False
Is 825 a multiple of 4?
False
Is 7 a factor of 70?
True
Is 11664 a multiple of 36?
True
Is 483 a multiple of 6?
False
Is 128 a factor of 11887?
False
Is 1097 a multiple of 35?
False
Is 76 a factor of 20103?
False
Does 9 divide 2794?
False
Is 25 a factor of 675?
True
Is 47 a factor of 12972?
True
Is 58 a factor of 1353?
False
Does 78 divide 6702?
False
Is 448 a multiple of 14?
True
Does 123 divide 132422?
False
Is 7161 a multiple of 231?
True
Is 19 a factor of 304?
True
Does 18 divide 81?
False
Is 6 a factor of 3059?
False
Does 17 divide 1377?
True
Is 3227 a multiple of 18?
False
Does 30 divide 43950?
True
Does 114 divide 2052?
True
Does 56 divide 22512?
True
Does 113 divide 25990?
True
Does 67 divide 9386?
False
Is 1224 a multiple of 34?
True
Is 89 a factor of 6141?
True
Is 1610 a multiple of 35?
True
Is 3 a factor of 12262?
False
Is 100 a multiple of 20?
True
Is 11 a factor of 305?
False
Does 13 divide 14469?
True
Does 23 divide 42?
False
Is 2750 a multiple of 118?
False
Is 52 a factor of 2183?
False
Does 29 divide 42212?
False
Does 3 divide 35?
False
Is 5130 a multiple of 114?
True
Does 18 divide 1118?
False
Is 561 a multiple of 17?
True
Is 15 a factor of 51315?
True
Is 53 a factor of 15430?
False
Is 16 a factor of 2112?
True
Is 3 a factor of 375?
True
Does 29 divide 928?
True
Is 6706 a multiple of 14?
True
Is 20640 a multiple of 12?
True
Does 14 divide 83814?
False
Is 59 a factor of 590?
True
Is 32652 a multiple of 12?
True
Is 674 a multiple of 2?
True
Is 10 a factor of 496?
False
Does 55 divide 330?
True
Is 31171 a multiple of 73?
True
Is 38 a factor of 1032?
False
Is 4 a factor of 3125?
False
Is 13 a factor of 156?
True
Is 1316 a multiple of 47?
True
Is 203 a factor of 11145?
False
Does 37 divide 13098?
True
Is 1026 a multiple of 19?
True
Does 11 divide 1324?
False
Is 125 a factor of 3625?
True
Does 15 divide 24585?
True
Is 1420 a multiple of 23?
False
Does 43 divide 28615?
False
Is 68 a factor of 5990?
False
Is 2139 a multiple of 17?
False
Is 14 a factor of 94547?
False
Is 22188 a multiple of 172?
True
Is 119 a factor of 12944?
False
Is 20 a factor of 1780?
True
Is 6 a factor of 7868?
False
Does 14 divide 103866?
True
Is 106 a factor of 848?
True
Does 4 divide 231?
False
Is 14 a factor of 1369?
False
Does 23 divide 2783?
True
Is 42 a factor of 35826?
True
Is 66826 a multiple of 22?
False
Is 40 a factor of 520?
True
Does 53 divide 6000?
False
Does 9 divide 265?
False
Does 53 divide 3286?
True
Does 3 divide 3?
True
Is 2761 a multiple of 13?
False
Is 7300 a multiple of 97?
False
Is 78 a factor of 3641?
False
Is 260 a multiple of 10?
True
Is 6 a factor of 7202?
False
Is 120365 a multiple of 19?
True
Is 32 a factor of 31268?
False
Does 33 divide 8917?
False
Is 10 a factor of 130?
True
Is 73 a factor of 1679?
True
Does 8 divide 144?
True
Is 62 a factor of 16430?
True
Is 35550 a multiple of 22?
False
Is 5 a factor of 3670?
True
Is 19 a factor of 95589?
True
Does 94 divide 28364?
False
Does 10 divide 578?
False
Does 136 divide 272?
True
Is 23 a factor of 23?
True
Is 1374 a multiple of 3?
True
Is 16 a factor of 583?
False
Is 37 a factor of 11026?
True
Is 2 a factor of 653?
False
Is 25 a factor of 725?
True
Does 19 divide 4579?
True
Is 15 a factor of 3104?
False
Is 4 a factor of 468?
True
Does 17 divide 748?
True
Does 18 divide 867?
False
Is 14 a factor of 5139?
False
Is 60 a factor of 3393?
False
Does 4 divide 543?
False
Is 216 a multiple of 54?
True
Is 14 a factor of 23212?
True
Is 204 a multiple of 77?
False
Is 26 a factor of 1222?
True
Is 12 a factor of 1364?
False
Is 905 a multiple of 5?
True
Is 199 a multiple of 16?
False
Does 89 divide 513?
False
Is 16 a factor of 5008?
True
Does 15 divide 10290?
True
Is 11 a factor of 35255?
True
Is 74524 a multiple of 14?
False
Is 32752 a multiple of 55?
False
Does 47 divide 7990?
True
Is 76 a factor of 23256?
True
Is 553 a multiple of 2?
False
Is 13 a factor of 15373?
False
Is 15498 a multiple of 27?
True
Is 1551 a multiple of 19?
False
Is 35 a multiple of 8?
False
Is 12 a factor of 39784?
False
Is 99970 a multiple of 13?
True
Is 8377 a multiple of 91?
False
Does 14 divide 8810?
False
Is 106 a factor of 8180?
False
Does 4 divide 218?
False
Is 2106 a multiple of 9?
True
Is 11841 a multiple of 154?
False
Is 2432 a multiple of 4?
True
Is 6 a factor of 9744?
True
Does 26 divide 11934?
True
Is 4896 a multiple of 17?
True
Is 33 a factor of 703?
False
Is 28651 a multiple of 47?
False
Does 222 divide 27135?
False
Is 577 a multiple of 53?
False
Is 212 a multiple of 63?
False
Is 5014 a multiple of 25?
False
Is 18 a factor of 17059?
False
Is 53 a factor of 5406?
True
Does 42 divide 336?
True
Is 22 a factor of 10572?
False
Does 14 divide 4050?
False
Does 17 divide 82620?
True
Does 36 divide 50616?
True
Is 26 a factor of 182?
True
Does 159 divide 6715?
False
Is 8536 a multiple of 44?
True
Is 5 a factor of 10